nder when 803652 is divided by 102?
96
What is the remainder when 41506 is divided by 18?
16
What is the remainder when 23024 is divided by 698?
688
What is the remainder when 140402 is divided by 8?
2
Calculate the remainder when 1911 is divided by 25.
11
What is the remainder when 199714 is divided by 204?
202
Calculate the remainder when 170979 is divided by 3053.
11
What is the remainder when 2913 is divided by 359?
41
What is the remainder when 7657 is divided by 89?
3
What is the remainder when 2098 is divided by 712?
674
Calculate the remainder when 320459 is divided by 28.
27
What is the remainder when 1927 is divided by 159?
19
Calculate the remainder when 15920 is divided by 145.
115
Calculate the remainder when 333386 is divided by 7.
4
Calculate the remainder when 920 is divided by 910.
10
Calculate the remainder when 243068 is divided by 33.
23
Calculate the remainder when 51048 is divided by 13.
10
What is the remainder when 93721 is divided by 93714?
7
What is the remainder when 115046 is divided by 98?
92
What is the remainder when 483 is divided by 468?
15
What is the remainder when 855 is divided by 333?
189
What is the remainder when 46778 is divided by 339?
335
Calculate the remainder when 79213 is divided by 68.
61
What is the remainder when 9742 is divided by 423?
13
What is the remainder when 31978 is divided by 4514?
380
What is the remainder when 2109 is divided by 218?
147
Calculate the remainder when 619267 is divided by 94.
89
What is the remainder when 334 is divided by 3?
1
What is the remainder when 113732 is divided by 1864?
28
What is the remainder when 100656 is divided by 100645?
11
Calculate the remainder when 6197 is divided by 476.
9
What is the remainder when 2267 is divided by 280?
27
Calculate the remainder when 33737 is divided by 103.
56
Calculate the remainder when 18118 is divided by 18107.
11
Calculate the remainder when 129958 is divided by 129958.
0
What is the remainder when 8972 is divided by 627?
194
Calculate the remainder when 10536 is divided by 3510.
6
What is the remainder when 10707 is divided by 42?
39
What is the remainder when 3704 is divided by 132?
8
What is the remainder when 14236 is divided by 96?
28
What is the remainder when 2715 is divided by 89?
45
What is the remainder when 26600 is divided by 1400?
0
What is the remainder when 13413 is divided by 1675?
13
Calculate the remainder when 393911 is divided by 173.
163
Calculate the remainder when 20407 is divided by 400.
7
What is the remainder when 1916 is divided by 423?
224
Calculate the remainder when 103873 is divided by 311.
310
What is the remainder when 7593 is divided by 3761?
71
What is the remainder when 103893 is divided by 481?
478
Calculate the remainder when 18665 is divided by 88.
9
Calculate the remainder when 109345 is divided by 18214.
61
Calculate the remainder when 214024 is divided by 123.
4
Calculate the remainder when 5999 is divided by 2982.
35
What is the remainder when 11457 is divided by 2583?
1125
What is the remainder when 1186 is divided by 1158?
28
Calculate the remainder when 335382 is divided by 435.
432
Calculate the remainder when 34317 is divided by 88.
85
Calculate the remainder when 689 is divided by 98.
3
What is the remainder when 3754 is divided by 214?
116
What is the remainder when 1462 is divided by 51?
34
What is the remainder when 92435 is divided by 23108?
3
Calculate the remainder when 40614 is divided by 138.
42
Calculate the remainder when 68142 is divided by 3098.
3084
Calculate the remainder when 10692 is divided by 109.
10
Calculate the remainder when 1669 is divided by 28.
17
What is the remainder when 2030214 is divided by 20?
14
What is the remainder when 293329 is divided by 249?
7
Calculate the remainder when 223238 is divided by 8268.
2
Calculate the remainder when 1202 is divided by 292.
34
Calculate the remainder when 6476 is divided by 23.
13
Calculate the remainder when 4439 is divided by 440.
39
What is the remainder when 319535 is divided by 21302?
5
What is the remainder when 1808159 is divided by 32?
31
Calculate the remainder when 2324 is divided by 31.
30
What is the remainder when 107535 is divided by 53?
51
What is the remainder when 1249 is divided by 100?
49
Calculate the remainder when 504 is divided by 475.
29
What is the remainder when 142078 is divided by 48?
46
What is the remainder when 7249 is divided by 445?
129
Calculate the remainder when 2521 is divided by 39.
25
Calculate the remainder when 13005 is divided by 15.
0
Calculate the remainder when 533762 is divided by 159.
158
What is the remainder when 3199 is divided by 169?
157
What is the remainder when 18505 is divided by 363?
355
Calculate the remainder when 3102 is divided by 226.
164
Calculate the remainder when 8082423 is divided by 811.
808
What is the remainder when 92273 is divided by 182?
181
What is the remainder when 1817 is divided by 183?
170
What is the remainder when 1018437 is divided by 205?
202
What is the remainder when 118157 is divided by 16?
13
What is the remainder when 546762 is divided by 1435?
27
What is the remainder when 3513 is divided by 1753?
7
Calculate the remainder when 5744 is divided by 22.
2
Calculate the remainder when 5450 is divided by 871.
224
Calculate the remainder when 9890 is divided by 4928.
34
Calculate the remainder when 1279682 is divided by 142186.
8
Calculate the remainder when 4632 is divided by 47.
26
Calculate the remainder when 3298 is divided by 1440.
418
What is the remainder when 22458 is divided by 1388?
250
Calculate the remainder when 217518 is divided by 40.
38
Calculate the remainder when 36454 is divided by 12138.
40
Calculate the remainder when 2459 is divided by 367.
257
Calculate the remainder when 6257 is divided by 782.
1
Calculate the remainder when 14126 is divided by 116.
90
What is the remainder when 256088 is divided by 15?
8
What is the remainder when 264699 is divided by 132332?
35
Calculate the remainder when 34822 is divided by 4965.
67
What is the remainder when 2762 is divided by 16?
10
Calculate the remainder when 599794 is divided by 11.
8
Calculate the remainder when 10306 is divided by 2058.
16
What is the remainder when 1932 is divided by 642?
6
What is the remainder when 370536 is divided by 1207?
1194
Calculate the remainder when 56106 is divided by 328.
18
Calculate the remainder when 2578 is divided by 284.
22
Calculate the remainder when 90498 is divided by 2062.
1832
What is the remainder when 16757 is divided by 18?
17
What is the remainder when 86752 is divided by 409?
44
Calculate the remainder when 17593 is divided by 25.
18
What is the remainder when 25127 is divided by 142?
135
What is the remainder when 4092 is divided by 11?
0
What is the remainder when 574 is divided by 91?
28
What is the remainder when 682 is divided by 576?
106
What is the remainder when 702231 is divided by 39?
36
Calculate the remainder when 7322 is divided by 31.
6
Calculate the remainder when 5549645 is divided by 381.
380
What is the remainder when 1683720 is divided by 122?
120
What is the remainder when 2471 is divided by 25?
21
Calculate the remainder when 17748 is divided by 370.
358
Calculate the remainder when 2877 is divided by 2837.
40
What is the remainder when 102139 is divided by 1399?
12
What is the remainder when 511088 is divided by 30064?
0
What is the remainder when 36574 is divided by 2611?
20
What is the remainder when 2911 is divided by 370?
321
Calculate the remainder when 1123954 is divided by 36.
34
Calculate the remainder when 82558 is divided by 80.
78
Calculate the remainder when 198926 is divided by 56.
14
What is the remainder when 20693 is divided by 110?
13
Calculate the remainder when 5627 is divided by 145.
117
What is the remainder when 9267 is divided by 1538?
39
Calculate the remainder when 225760 is divided by 1466.
1462
What is the remainder when 6158 is divided by 6157?
1
Calculate the remainder when 28058 is divided by 202.
182
Calculate the remainder when 1954365 is divided by 702.
699
Calculate the remainder when 6747 is divided by 1685.
7
What is the remainder when 4433673 is divided by 78?
75
What is the remainder when 3856 is divided by 76?
56
Calculate the remainder when 10